*d + 4213. What is j(-2)?
-969
Let g(i) = 242*i + 11361. Determine g(-46).
229
Let b(r) = 35824*r - 38214. Determine b(1).
-2390
Let a(p) = -4*p**3 + 22*p**2 + 587*p + 610. Give a(16).
-750
Let o(i) = 11843*i + 1219504. Determine o(-103).
-325
Let p(a) = 8*a**2 + 469*a + 4170. What is p(-11)?
-21
Let q(j) = 3*j**3 + 2243*j**2 + 27929*j - 836. Calculate q(-735).
-101
Let d(s) = -39039*s + 78544. What is d(2)?
466
Let p(k) = -5*k**2 - 461*k + 1378. Give p(3).
-50
Let w(b) = -82*b**3 + 581*b**2 - 53*b + 43. Give w(7).
15
Let h(o) = 4*o**3 + 48*o**2 - 61*o - 180. Calculate h(-13).
-63
Let v(z) = 392*z**3 - 782*z**2 - 246*z + 485. Give v(2).
1
Let v(m) = -28*m**2 + 426*m - 989. What is v(3)?
37
Let k(r) = 250*r + 5272. Give k(-19).
522
Let w(t) = 6*t + 64. Calculate w(-24).
-80
Let o(a) = 4*a**2 - 1110*a - 6751. Calculate o(286).
2973
Let q(v) = 2*v**3 + 170*v**2 - 138*v + 2965. What is q(-86)?
41
Let r(t) = -t**3 - 66*t**2 - 610*t - 266. Calculate r(-55).
9
Let g(x) = 29*x**3 + 6*x**2 - 98*x - 513. Determine g(-4).
-1881
Let v(p) = 227*p - 5212. What is v(23)?
9
Let i(j) = -5*j**3 + 92*j**2 - 801*j - 37. What is i(9)?
-3439
Let a(i) = -i**2 + 155*i - 5786. What is a(92)?
10
Let j(v) = -v**2 - 8*v + 126. What is j(5)?
61
Let y(x) = 3*x**2 - 39*x + 153. Give y(12).
117
Let n(c) = 1136*c - 994. Determine n(1).
142
Let u(p) = -p**3 - 22*p**2 + 118*p + 2381. Give u(-10).
1
Let j(z) = -z**3 - 92*z**2 + 2821*z + 4283. Calculate j(-116).
-9
Let t(m) = 10*m**3 - 9226*m**2 + 5511*m + 19371. Give t(922).
9
Let j(b) = b**3 - b**2 - 161*b + 17. Give j(13).
-48
Let j(p) = -41*p**2 - 166*p - 158. Calculate j(-11).
-3293
Let v(g) = -4*g**3 - 11*g**2 + 71*g + 145. Calculate v(-2).
-9
Let b(r) = 63758*r + 127343. Give b(-2).
-173
Let f(j) = 57*j**2 - 820*j + 1018. Calculate f(13).
-9
Let i(s) = s**3 - 184*s**2 - 1753*s - 171. Calculate i(-9).
-27
Let r(l) = -l**3 + 26*l**2 + 1511*l - 40693. Determine r(28).
47
Let l(b) = -78670*b - 3146807. Calculate l(-40).
-7
Let h(s) = 3*s**3 + 47*s**2 + 112*s + 54. Determine h(-13).
-50
Let d(k) = -41*k**2 + 708*k - 760. Calculate d(16).
72
Let l(x) = -1708*x**2 + 279*x - 1. What is l(1)?
-1430
Let z(w) = 5*w**2 + 18*w - 797. Give z(0).
-797
Let f(u) = -812*u - 128272. Give f(-159).
836
Let r(b) = 25*b**2 - 230*b - 910. Determine r(-3).
5
Let g(l) = -l**3 - 22*l**2 + 9870*l - 1190. What is g(-111)?
-191
Let q(t) = 6*t**3 - 39*t**2 + 28*t - 79. Calculate q(6).
-19
Let z(d) = 2*d**2 + 85*d + 841. What is z(-17)?
-26
Let x(t) = 5247*t - 199399. What is x(38)?
-13
Let m(f) = 343*f**2 + 12344*f - 151. Give m(-36).
-7
Let d(v) = -2*v**2 - 20*v + 2184. Give d(35).
-966
Let a(r) = -58*r**2 - 786*r - 3915. Determine a(-5).
-1435
Let l(h) = 5203*h - 45455. What is l(9)?
1372
Let n(k) = 4*k**3 - 40*k**2 - 14*k + 176. Give n(11).
506
Let n(m) = -18848*m + 3317255. Calculate n(176).
7
Let a(b) = -6*b**2 - 551*b - 2107. Determine a(-4).
1
Let o(p) = 3*p**3 + 463*p**2 + 163*p + 410. What is o(-154)?
-976
Let t(y) = -6*y**2 + 223*y + 781. Determine t(39).
352
Let m(n) = n**3 + 10*n**2 + 286*n + 1441. Give m(-6).
-131
Let y(x) = x**2 + 4453*x - 695140. What is y(151)?
64
Let w(n) = 10*n**3 + 36*n**2 - 65*n - 38. Determine w(7).
4701
Let n(s) = -102613*s + 3386242. Determine n(33).
13
Let y(j) = j**2 + 32*j - 2276. Determine y(34).
-32
Let z(u) = -u**2 - 632*u + 31184. Calculate z(46).
-4
Let r(w) = -27107*w + 3605225. Give r(133).
-6
Let w(j) = 609*j - 172351. Determine w(283).
-4
Let x(r) = 404*r**3 - 2421*r**2 - 21*r + 11. What is x(6)?
-7
Let b(c) = -812*c + 65795. Calculate b(81).
23
Let b(j) = 3*j**2 + 8298*j + 90919. Calculate b(-11).
4
Let x(p) = -p**3 - 28*p**2 - 15*p + 330. Determine x(-27).
6
Let n(m) = 2860*m + 40113. Give n(-14).
73
Let f(m) = m**3 + m**2 + 65*m - 3846. Determine f(14).
4
Let q(y) = -217*y + 806. Calculate q(-4).
1674
Let h(a) = -2*a**2 + 2589*a - 837836. Give h(650).
14
Let n(b) = -8*b**2 + 42489*b - 297429. Calculate n(7).
-398
Let y(s) = 2*s**3 - 204*s**2 - 5460*s + 24. Determine y(-22).
112
Let f(l) = 7*l**2 + 966*l + 6676. Give f(-131).
257
Let l(v) = 5*v + 258. Calculate l(-92).
-202
Let n(q) = 533234*q - 3199398. Give n(6).
6
Let x(c) = 125*c + 19989. Give x(-161).
-136
Let k(l) = 2*l**3 - 135*l**2 - 1826*l + 796. Calculate k(79).
85
Let l(f) = f**3 - 225*f**2 + 890*f - 1321. Give l(221).
5
Let b(z) = z**3 + z**2 - 25*z + 205. Give b(-6).
175
Let l(x) = 391*x - 33008. Determine l(95).
4137
Let g(r) = 56524*r - 2. What is g(0)?
-2
Let c(f) = -5*f**2 - 1396*f + 14528. Calculate c(-289).
367
Let z(j) = -182*j**2 - 1231*j + 2473. Determine z(2).
-717
Let s(d) = 3*d**3 + 136*d**2 + 1494*d - 643. What is s(-20)?
-123
Let n(l) = -34*l**2 - 75*l - 204. Determine n(-3).
-285
Let p(k) = 377*k + 79630. Calculate p(-210).
460
Let o(v) = 51*v**3 + 92*v**2 + 57*v - 35. What is o(-1)?
-51
Let g(b) = 6702*b + 5951365. Give g(-888).
-11
Let h(q) = 21*q**2 - 796*q - 9029. What is h(47)?
-52
Let d(w) = 2854*w - 35736. Determine d(12).
-1488
Let x(u) = -2*u**3 - u**2 + 519*u + 389. Calculate x(-16).
21
Let b(h) = -2*h**2 + 82*h + 3307. Give b(66).
7
Let v(c) = -3*c**3 + 276*c**2 + 245*c + 164. Calculate v(93).
-2998
Let r(q) = -2*q**2 - 375*q + 6926. Give r(19).
-921
Let o(v) = -32796*v + 11576959. What is o(353)?
-29
Let s(r) = 146*r**3 + 885*r**2 + 58*r + 3. What is s(-6)?
-21
Let o(v) = -v**3 - 16*v**2 + 133*v + 401. Calculate o(-21).
-187
Let w(f) = 5*f**3 + 11*f**2 - 5*f + 84. What is w(-9)?
-2625
Let d(v) = v**2 + 1370*v + 49321. Calculate d(-37).
0
Let w(y) = -16158*y - 161603. Calculate w(-10).
-23
Let f(g) = 4*g**2 + 56534*g - 169625. Determine f(3).
13
Let d(p) = -p**3 - 27*p**2 + 207*p + 259. What is d(-33)?
-38
Let n(g) = 4*g**3 + 8*g**2 - 21*g + 34. Give n(3).
151
Let g(t) = 3*t**3 + 1048*t**2 - 625*t + 26322. Determine g(-350).
72
Let t(q) = -19063*q + 133437. What is t(7)?
-4
Let p(a) = -162*a + 22. Give p(4).
-626
Let g(u) = u**3 - 17*u**2 - 1192*u + 76. Determine g(-27).
184
Let z(w) = -w**2 - 420*w + 4970. What is z(12)?
-214
Let m(x) = -10*x**2 - 544*x - 1999. Give m(-4).
17
Let a(k) = k**2 + 6641*k - 735714. Calculate a(109).
36
Let l(k) = -4562*k - 18058. Calculate l(-4).
190
Let m(f) = 624*f - 9239. What is m(16)?
745
Let w(v) = v**3 - 6*v**2 + 16*v - 2281. Give w(15).
-16
Let a(q) = 115*q**3 - 13*q**2 - 90*q + 102. What is a(1)?
114
Let z(f) = 3*f**2 + 1005*f + 66112. Calculate z(-245).
-38
Let f(g) = g**2 + 3873*g + 27085. What is f(-7)?
23
Let i(h) = -2055*h**2 + 965851*h - 404. Determine i(470).
66
Let x(w) = w**3 - 69*w**2 + 452*w + 372. Give x(8).
84
Let f(t) = 4*t**2 + 2662*t + 7995. What is f(-3)?
45
Let w(q) = -75*q**2 - 7410*q + 1292. What is w(-99)?
-193
Let s(v) = -2*v**3 + 138*v**2 + 272*v + 832. Calculate s(71).
-20
Let h(a) = 2*a**3 + 112*a**2 + 1220*a - 82. Determine h(-15).
68
Let p(i) = 4*i**2 - 205*i + 67. Determine p(51).
16
Let m(y) = 4*y**2 + 35715*y - 1795732. Determine m(50).
18
Let o(k) = 86*k**2 - 53567*k - 6647. Give o(623).
206
Let n(f) = 96*f**2 - 45*f + 159. What is n(3)?
888
Let z(j) = 5*j + 682. Calculate z(-22).
572
Let b(j) = -14*j**3 - 9*j**2 + 22*j - 13. Calculate b(0).
-13
Let i(q) = -4806*q**2 + 33649*q - 47. Calculate i(7).
2
Let y(p) = -p**3 + 58*p**2 - 128*p + 1633. Calculate y(55).
3668
Let r(t) = -5*t**2 - 348*t + 2139. What is r(6)?
-129
Let m(y) = -y**3 - 172*y**2 + 332*y - 2806. Determine m(-174).
-22
Let q(f) = f**3 - 2*f**2 + 1299*f - 5232. What is q(4)?
-4
Let m(d) = 67542*d + 540409. Give m(-8).
73
Let r(f) = -f**3 - 74*f**2 - 1252*f - 4005. Give r(-51).
24
Let v(s) = -23666*s + 118361. Determine v(5).
31
Let x(r) = -178*r + 402. Give x(6).
-666
Let n(b) = 17*b**2 + 14404*b - 432017. What is n(29)?
-4
Let w(o) = -786*o**2 - 14137*o + 211. Calculate w(-18).
13
Let t(u) = u**2 + 40*u - 6309. Calculate t(-100).
-309
Let g(c) = 2*c**2 + 445*c + 10177. Determine g(-26).
-41
Let l(t) = 182029*t - 4368692. Give l(24).
4
Let p(h) = -35*h**3 + 6*h**2 - 78*h + 189. What is p(3)?
-936
Let u(p) = -20*p**3 + 4540*p**2 + 275. What is u(227)?
275
Let s(m) = -2224*m - 273559. Determine s(-123).
-7
Let t(m) = -698*m**2 + 257*m + 448. Determine t(1).
7
Let b(q) = 3*q**3 - 201*q**2 + 199*q - 208. Give b(66).
-142
Let a(h) = h**3 + 56*h**2 - 156*h - 2517. Calculate a(-58).